te the highest common divisor of v and 117.
3
Suppose 14*f + 25*f - 37*f - 414 = 0. Suppose 5*p - g = 40, 2*p - g = g + 8. Suppose p = -q + 2*q. What is the greatest common divisor of f and q?
9
Suppose 0 = 97*j + 24*j - 24*j - 16005. What is the highest common divisor of j and 363?
33
Let a be 6/(-15) + (-192)/(-30). Suppose -x + a = -7*x. Let h be x + 5/5 + 4. What is the highest common divisor of 1 and h?
1
Let m be 591 + (95 - -10)/15. Calculate the greatest common divisor of m and 10.
2
Let f(p) = p**3 - 4*p**2 - 5*p + 3. Let k be 43/9 + 10/45. Let a be f(k). Suppose 0 = a*q - 2 - 28. What is the greatest common divisor of 70 and q?
10
Let d(p) = 2*p**2 - 130*p - 74. Let t be d(75). Calculate the highest common divisor of 184 and t.
46
Suppose 3*f + 327 = h, -3*h - 3*f - 2*f = -1051. What is the greatest common divisor of 11457 and h?
171
Let v = 3634 + -3627. What is the highest common divisor of v and 28?
7
Suppose 0*h = -3*h - l + 50, 82 = 5*h + 2*l. Let b be (234/8)/((-3)/12). Let v = b - -126. Calculate the greatest common factor of v and h.
9
Let n be (-1)/2*(-10)/20*-48. Let b be ((-259)/21 - -9)*n/10. Calculate the highest common divisor of b and 15.
1
Let z(c) = c**2 + 9*c - 24. Let u(y) = -y**2 + 2*y + 3. Suppose 5*x + 4*x - 45 = 0. Let s be u(x). Let t be z(s). What is the highest common factor of t and 12?
12
Let y(m) = -m**3 + 2*m**2 - 10*m + 17. Let u be y(2). Let f be (-596)/u + 4/(-6). Calculate the greatest common factor of 90 and f.
18
Suppose -5*q - 290*j + 442 = -292*j, 3*q - 274 = -j. Suppose 4*g - 216 = -5*d, 0*g = g - 3*d - 54. Calculate the greatest common divisor of g and q.
18
Let l(j) be the third derivative of -25/24*j**4 - 11*j**2 + 0 + 0*j - 35/6*j**3. Let p be l(-4). Calculate the greatest common factor of p and 13.
13
Suppose -3*f = -3*h - 1659, 4*h = 13*f - 8*f - 2761. Let q = f - 397. Suppose g + 7 = 26. Calculate the greatest common factor of g and q.
19
Let u = 6 - 10. Let l be -2*u/(16/6). Suppose -2*q = -l*f - 12, -52 = -3*q - 5*f + f. Calculate the greatest common factor of q and 96.
12
Let f be 4 + (-104)/40 - 2/5. Let y(r) = r**3 + r + r**2 - r. Let m be y(f). Calculate the highest common factor of 6 and m.
2
Let c(m) = 4*m**3 - 3*m**2 + 6*m - 4. Let r be c(2). Let k(z) = 5*z - 108. Let x be k(23). Calculate the greatest common factor of x and r.
7
Let i be 18/(-1)*(528/36 - 15). Calculate the greatest common divisor of 78 and i.
6
Let k(r) = 143*r + 3305. Let b be k(-23). Calculate the highest common divisor of b and 1500.
4
Let p(d) = -d + 95. Let t be p(39). Calculate the greatest common factor of t and 126.
14
Let w(b) = -6*b + 93. Let l be w(15). Let a be (-4)/(l*20/(-12))*120. Calculate the greatest common factor of 12 and a.
12
Let a(k) = k**2 + 6. Let p be a(0). Suppose -j = p*j - 98. Suppose -j*r = -9*r - 80. What is the highest common divisor of r and 40?
8
Suppose 353*z + 16 = 349*z. Let k be (-104)/6*(0 + z)*3. What is the highest common divisor of k and 78?
26
Let x be 3 - 46/14 - 114*(-6)/42. Calculate the highest common factor of x and 344.
8
Suppose -4*p = -p - 408. Let g = -40 + 40. Suppose -4*o + 3*a + 133 = g, 4*a + 45 = o + 15. Calculate the highest common factor of p and o.
34
Let t = 6384 - 1059. Calculate the highest common factor of t and 213.
213
Let t(r) = 2*r - 15. Let y be t(10). Suppose -b - 3*a = 6, 5*a - 30 = y*b + a. Let v be 33 - 2 - b/(-2). Calculate the greatest common divisor of 28 and v.
28
Let g(r) = 7*r**3 + 75*r**2 + 11*r + 7. Let q be g(-5). What is the greatest common factor of 85 and q?
17
Let h(n) = -n**3 - n**2 + 71*n + 70. Let l be h(8). What is the greatest common divisor of 1519 and l?
31
Suppose -7*u = -9*u + 90. Suppose 0 = 10*p - u - 15. What is the highest common divisor of 12 and p?
6
Suppose -30*c + 17*c = 234. Let n be (-63)/c - (0 - (-9)/(-6)). Calculate the greatest common factor of n and 215.
5
Suppose 14*y = -1900 + 6632. Let v = y + -203. Calculate the greatest common factor of 315 and v.
45
Let l = 17481 - 17327. What is the highest common factor of l and 20?
2
Let m = 0 + 13. Let g(t) = 2*t - 16. Let r be g(m). Let x(w) = 4*w**2 - 205*w - 86. Let j be x(52). What is the greatest common factor of j and r?
10
Let t = -28 + 30. Suppose -s + z + z = 8, -t*s + 8 = 4*z. Let w be (-2)/10*s*125/25. Calculate the greatest common factor of 26 and w.
2
Suppose 292 = -2*a + 3*m, 5*a = 8*a - 4*m + 436. Let r = 143 + a. Calculate the highest common factor of r and 6.
3
Suppose -6*s - 37 = -49. Suppose -y - 532 = -4*f, -3*f + 405 = -s*y + 6. Calculate the highest common divisor of 1 and f.
1
Suppose -7*m - 4578 = -21*m. What is the highest common factor of 3 and m?
3
Let c = -179194 + 179284. Let o = -2 - -12. What is the greatest common divisor of o and c?
10
Let p be (14/(-6))/(19/(-4788)). Suppose 5*a + 2*i - p = a, -a = 5*i - 147. Let o be ((-4)/6)/(6 + (-896)/a). What is the greatest common divisor of 21 and o?
7
Let s(c) = 89*c + 1881. Let j be s(-17). What is the greatest common divisor of 144 and j?
16
Let g be 5/40*54 - (-21)/(-28). Let i be ((-135)/(-10) - 12)/(g/28). What is the highest common factor of i and 7?
7
Suppose -3*s - 3*r + 111 = 0, 5*r - 28 = -43. Let d = 177 + 103. What is the greatest common divisor of s and d?
40
Let l = -16 - -8. Let i be 1*10/(-8)*l. Suppose -79 = -5*s - 4*q, -8*q + 13*q - 65 = -4*s. What is the greatest common divisor of i and s?
5
Suppose -4*p - 156 = -7*p. Let y = p + -22. Let w be (-9)/54 + (-2164)/(-24). Calculate the greatest common divisor of y and w.
30
Suppose 111*a - 112*a + 2*b = -1512, -2*a - 3*b + 2996 = 0. What is the highest common factor of 128 and a?
32
Let b = 101 + -99. Suppose -3*g + 1 = -5. Suppose 2*y + 3*c = 52, -b*y - g*c + 44 + 12 = 0. Calculate the highest common factor of 224 and y.
32
Let a be 48/456 + (-2424)/(-76). What is the greatest common factor of a and 752?
16
Suppose -3*s + 261 = -3*n - 0*n, 2*n = 4*s - 344. Let m = 140 - s. Calculate the highest common factor of m and 15.
5
Let u(j) = -2*j - 4. Let h be u(-4). Let z be (-6)/(-4)*(-104)/(-39). Suppose 0 = p + o - 6, 2*o = -0*o + z. Calculate the highest common factor of h and p.
4
Suppose n = -2*n - n. Suppose n = 2*i - 24 + 12. Suppose 0 = -q + 18 - i. What is the greatest common divisor of q and 8?
4
Let v(r) = -3 + 11*r + 6*r - 2*r. Let n be v(2). Let f = -12107 + 12110. What is the highest common factor of f and n?
3
Suppose 6*j - 10119 - 30537 = 0. Suppose -j = -8*m - 20*m. What is the greatest common factor of 66 and m?
22
Let i = 303 + -73. Let r be (-192)/(-5) + (-92)/i. Calculate the highest common divisor of 38 and r.
38
Let z = -22 + 51. Let d(g) = 112*g - 28. Let r be d(22). Suppose 46*k - 67*k + r = 0. What is the greatest common divisor of z and k?
29
Let q be -38*(2 + -14 + 6)/4. What is the greatest common factor of q and 8?
1
Let y = -23683 + 23697. Calculate the highest common factor of y and 3787.
7
Let v(i) = -494*i - 1971. Let w be v(-4). Let u = 37 + -22. Calculate the greatest common factor of w and u.
5
Let j(o) = o**3 - 9*o**2 + 19*o + 9. Let a be j(5). Let d = -23 + 45. Calculate the greatest common divisor of d and a.
2
Let j = -448 - -449. Let c be 36*12/96*2*j. Calculate the highest common factor of c and 18.
9
Let f(b) = -4*b + 39. Let d be f(9). Suppose -3*j - d*n + 54 = 0, -3*j - 5*n = -8*j + 90. Let r = 19 - 1. Calculate the highest common factor of r and j.
18
Suppose 97*z = 50*z + 54*z - 1197. Calculate the highest common divisor of 18 and z.
9
Let h(b) = 33*b**2 + 192*b - 17. Let o be h(-6). Calculate the greatest common factor of o and 5415.
19
Suppose -2*k + 0*w + 75 = 3*w, -3*k + w = -140. Suppose 714*h = 739*h - 4500. Calculate the greatest common factor of h and k.
45
Let j be (-3090)/(-12) - (-80)/(-32). What is the highest common divisor of j and 136?
17
Let m(y) = 10*y**2 - 1159*y + 402. Let k be m(117). Calculate the highest common factor of 3 and k.
3
Let g = 5 - 2. Suppose o = g*o - 112. Let k = 2611 - 2603. Calculate the highest common divisor of k and o.
8
Let h(v) = v**3 + 8*v**2 + 7*v - 6. Let w be h(-6). Suppose 5*k = -13*k + 1098. Let z = k - -35. Calculate the highest common divisor of w and z.
24
Let h = 18290 - 15495. Calculate the highest common divisor of h an